 - 3*n**2 - 3*n + 3. Give m(b).
10
Let g(p) be the second derivative of -p**3/6 + 3*p**2 + p - 656. Let z be (1 - 0) + 6 + -3. Suppose -16 = -z*s + 2*s. What is g(s)?
-2
Let d(o) be the second derivative of o**4/12 - 5*o**3/6 - 7*o**2 - 2*o + 285. Determine d(-4).
22
Let s(k) = -k - 5. Suppose -5*c + 4*g = -21, 5*c + 2*g = -3 - 0. Let r(l) = -1. Let y(h) = c*s(h) - 3*r(h). Suppose 39*f = 34*f. What is y(f)?
-2
Let c(n) be the first derivative of n**3/3 + 9*n - 1256. Give c(3).
18
Let s = 227 + -230. Let o(d) = 1. Let u(j) = -7*j + 4. Let f(z) = s*o(z) + u(z). Determine f(-5).
36
Let c(g) = 5*g + 1. Let a(n) = 44*n + 8. Let d(k) = 38*k + 7. Let r(p) = -5*a(p) + 6*d(p). Let h(v) = 5*c(v) - 4*r(v). Give h(-2).
11
Suppose 0 = 5*m + 5*d + 10, 5*d + 14 = 112*m - 115*m. Let y(a) = -53*a**2 + 18*a**m + 5*a**2 + 16*a**2. Give y(-1).
-14
Let b(f) = -20*f**2 + 49*f + 78. Let l(n) = -13*n**2 + 32*n + 50. Let t(o) = -5*b(o) + 8*l(o). Give t(-1).
-5
Let p(s) be the third derivative of -s**5/60 + 11*s**4/12 - 35*s**3/2 + 4*s**2 - 2*s - 371. Give p(15).
0
Let m be ((-10)/(-8))/(-5) - ((-120)/(-32) - 6). Let n(j) = -2*j**3 + 3*j**2 + 6*j - 5. Determine n(m).
3
Let z(a) = 5*a + 50. Let h(p) = 8*p**2 - 309*p + 173. Let q be h(38). Determine z(q).
-35
Let d(f) = -400*f - 14 + 4 + 198*f + 197*f. Suppose -15*w + 57 - 177 = 0. What is d(w)?
30
Let c(d) = 202*d - 39. Let l be c(2). Let v = -379 + l. Let g(a) = a**3 + 14*a**2 + a + 17. Give g(v).
3
Let u(a) = 25*a**3 - a**2 - 9*a + 12. Let l(f) be the second derivative of 7*f**5/20 - f**3/2 + 2*f**2 + 5*f - 11. Let q(m) = 7*l(m) - 2*u(m). Determine q(2).
-2
Let z(p) = 8*p + 110 - 133 - 229. Determine z(32).
4
Suppose -b - 9 = -10. Let i(u) = -7*u + 1 - u**2 + 0*u + b + 4*u. Give i(-4).
-2
Let a be (((-2)/(-3))/(6/9))/(-166 + 165). Let i(u) = 35*u**2 - 1. Determine i(a).
34
Let b(u) = 8 + 0*u**2 - u**2 - 9*u + 3. Let z(f) = -f**3 - 14*f**2 - 21*f - 24. Let c be z(-12). Let h be 24/c - (-96)/(-10). Calculate b(h).
1
Let j be -2*(15/(-6))/1. Suppose 83 = 4*u + 79. Let g(w) = -w - 1. Let n(i) = 4*i + 7. Let o(p) = u*n(p) + 2*g(p). Calculate o(j).
15
Let b(v) = 17*v**2 - 98 - v**3 + 19*v + 4*v**3 - 4*v**3 - 89 + 182. What is b(18)?
13
Let a = -163 - -172. Suppose 13*z - 20 = a*z. Let n(i) = -7*i**2 - i - 3. Let l(g) = -20*g**2 - 2*g - 9. Let y(h) = -6*l(h) + 17*n(h). What is y(z)?
3
Let a be (-8)/(-8)*-26*-1. Let d(v) = 3*v - a*v + 14*v - 16*v. Calculate d(1).
-25
Let z(o) = o**2 + 10*o - 7. Suppose -11 = 3*j - 4*j - 20. What is z(j)?
-16
Let j be 15/(-6) - (50/(-4) + -2). Suppose 124 = 16*a + j. Let p(d) = d**2 - 7*d + 2. Give p(a).
2
Let i(c) = -c**2 - 5*c - 31. Let f(s) = 5*s**2 + 21*s + 122. Let l(m) = 2*f(m) + 9*i(m). Calculate l(7).
-7
Let j(k) = k + 4. Let p(i) be the third derivative of -i**4/12 + i**3/6 - 9*i**2. Let c be p(-11). Suppose 4*h = -n - c, 5*h = -n + 11 - 38. Give j(n).
-3
Let k be (1 - -3) + -5 + (-342)/3. Let s = 125 + k. Let c(n) = n**3 - 11*n**2 + 10*n + 1. Calculate c(s).
1
Let p be -3*8/(-12) - (1 + -1). Let t(x) = -13*x + p - 6*x + 20*x. Give t(-5).
-3
Suppose 4*z + 174 = 2*c, 5*c - c + 5*z = 348. Let r = c + -83. Let g(k) = k - 7. Determine g(r).
-3
Let v(d) = 13*d**2 - 67*d + 76. Let p(f) = 18*f**2 - 98*f + 114. Let q(m) = -5*p(m) + 7*v(m). Determine q(-23).
8
Suppose n + 85 = -11*z, 55 = -2*z - 5*n + 54. Let o(m) = -m**3 - 9*m**2 + 2*m + 19. Determine o(z).
-61
Let v(h) = -51*h - 21. Let b(f) = -59*f - 13. Let n(y) = -5*b(y) + 6*v(y). Give n(-6).
5
Let k(z) be the second derivative of -z**4/6 + z**3 - z - 668. Calculate k(4).
-8
Let g(w) = -3*w + 15. Let a(o) = -9*o + 52. Let h(l) = 6*a(l) - 21*g(l). Suppose 5*k = 83 - 68. Give h(k).
24
Let z(s) be the second derivative of 5/12*s**4 + 1/20*s**5 + 1/2*s**3 - 2*s + s**2 + 19. What is z(-5)?
-13
Let g(b) = 1 - 1 + 4 - 112*b + 117*b. Give g(-4).
-16
Let t(q) = -q**2 + 4*q - 5. Let f be t(8). Let x = -31 - f. Let y(r) be the first derivative of r**3/3 - 3*r**2 - 6*r + 59. What is y(x)?
-6
Let p(i) = 43*i - 29*i - 30*i - 35. Let l be p(-2). Let b(w) = -2*w**2 + 2*w + 3. Give b(l).
-21
Let j(i) be the second derivative of -i**4/12 - 16*i**3/3 + 53*i**2/2 - 246*i. Give j(-33).
20
Let m be (3/(-2))/(6/(-64)). Suppose -19*p = -m*p + 12. Let b(c) = -3*c + 0 + 0*c - 5 + c - c**3 - 4*c**2. Determine b(p).
3
Let f(h) = h**3 + 2*h**2 - 4*h + 5. Suppose 0 = 22*r - 23*r. Suppose 17*z - 28 - 6 = r. Determine f(z).
13
Let a(b) = -22*b**3 + b**2 + 2*b + 1. Suppose 539 = 5*y + 6*y. Let h = -45 + y. Suppose -h*x + 4 = 8. What is a(x)?
22
Let f(o) = 4 + 21*o - 4 - 48*o + 30*o. Let j be -2 + (2 + -3)*-12. Give f(j).
30
Let w(n) be the first derivative of 2*n**3/3 - 64*n + 11049. Calculate w(-6).
8
Let j(w) = w**3 - 8*w**2 - 6*w - 5. Suppose -4*x = -2*i + 336, i - 6*i + 4*x = -822. Let s = -153 + i. Determine j(s).
22
Let k(z) = 10*z - 43. Let f be (0 - 18/(-4)) + 66/(-44). Calculate k(f).
-13
Suppose 0 = -4*a, 3*i + 4*a - 12 = -0*i. Let r be (-3)/12 - (-17)/i. Let u(w) = -47*w**2 - 6*w + r + 48*w**2 + 1. Give u(7).
12
Suppose -145*f = -143*f + 2. Let j(w) = -7*w**3 - 2*w**2 - w + 1. Determine j(f).
7
Let b = 266 - 270. Let f be ((-3)/9)/((-3)/36). Let a(c) = f*c**2 + 1 - 2 - 2*c - 3 + 1 + c**3. Determine a(b).
5
Let r(i) = i**2 - 5*i + 3. Let h(q) = 6*q + 57. Let v(b) = 13*b + 119. Let z(d) = -5*h(d) + 2*v(d). Let o be z(-13). Determine r(o).
3
Suppose 0 = 6*r - 95 - 13. Suppose -8*n = -2*n - r. Let f(p) = -p**2 + 3*p - 1. Let m(g) = 3*g**2 - 10*g + 4. Let y(a) = n*m(a) + 8*f(a). Calculate y(6).
4
Let l(y) = -3*y**3 + 4854 - 4863 + 4*y**3 + 37*y**2. Determine l(-37).
-9
Let y = -3045 - -3049. Let h(l) = 4 - l**2 + 0*l**2 - 13 + 5*l. Determine h(y).
-5
Let l(n) = 2*n**2 - 24*n + 56. Let j be l(9). Let v(b) = 68*b**j - 140*b**2 + 71*b**2 + 2. What is v(6)?
-34
Let t(h) be the third derivative of h**4/12 + 4*h**3/3 + 158*h**2. Calculate t(-6).
-4
Let h(d) = 3*d**3 + 15*d**2 + d + 7. Let j(x) = -4*x**2 - 705*x + 1241. Let w be j(-178). Calculate h(w).
2
Let q(i) = -i**3 - 17*i**2 + 41*i + 62. Suppose 11*m - 6*m + 105 = -5*f, 3*m = 4*f + 70. Give q(f).
5
Let y(z) = -3 - 4*z - 3 - 7 + 7. Let f be y(-2). Let w(q) = -10 + q + 3*q**2 - 2*q**2 + q**3 - 4*q + f*q. Give w(0).
-10
Let d(s) = 1 - s**3 - 15*s**2 + 2*s**3 + 15*s**2 + 44*s - 38*s. What is d(-4)?
-87
Suppose 54*d + 60*d = 14 + 100. Let p(c) be the third derivative of -c**7/840 - c**5/30 + 2*c**2. Let w(m) be the third derivative of p(m). Calculate w(d).
-6
Let d(g) = -g**2 - 6*g + 3. Suppose 4*u = -0*u. Suppose u = -7*a + 160 - 202. What is d(a)?
3
Suppose -5*k + 3*k + 204 = 0. Suppose -4*x + k = -34. Let z = x + -39. Let f(w) = -w**3 - 4*w**2 + 7*w + 4. What is f(z)?
-6
Let b(h) = h - 5. Let t(o) = o + 8. Let a(p) = -p + 1. Let x(d) = 3*a(d) + t(d). Let f(w) = -9*b(w) - 4*x(w). Give f(2).
-1
Let m = -11 - -11. Suppose 4*i - k = 15, 4*k - 8 = -m*i - i. Let f(r) = -1 - i + 7 - 2*r**2. Determine f(-2).
-6
Let j(o) = o**3 + 1925*o - 3 - 12*o**2 - 1122*o - 791*o. Suppose 2*k + z + 3*z + 38 = 0, -2*k = -4*z + 6. Let t = 22 + k. Determine j(t).
8
Let p be ((-3)/(-12)*-4)/((-2)/6). Let i(d) = 12 + 4*d + p*d - 5*d - 3*d. Calculate i(13).
-1
Let d(s) = -19*s**3 + 5*s**2 + s - 1. Suppose -5*g - 3 = b, 97*b - 93*b = 2*g + 10. What is d(g)?
22
Let q be (-35)/(-49) + (-74)/(-14) + -8. Let t(x) be the first derivative of x**3/3 - x**2 - x - 1. Calculate t(q).
7
Suppose 35 = 4*f + 3*v, 5*v = -5*f + 11 + 39. Let z = 4 - f. Let k(s) = -3*s**2 + 12*s**3 + 6*s**2 - 2*s**2. Determine k(z).
-11
Let c(x) = -x**3 + 2*x**2 + 78*x - 16. Let t be c(-8). Let b(u) be the second derivative of 0*u**3 + 3/4*u**4 + 43*u + t - 1/2*u**2. Determine b(1).
8
Let n(q) be the second derivative of q**5/20 + q**4/4 - q**3 - 3*q**2 - q. Suppose -4*a + 25 = 213. Let c = a + 43. Determine n(c).
2
Suppose -4*t - 16 = -0, 4*l + 3*t + 44 = 0. Let m = l - -6. Let a(d) be the second derivative of 7*d**3/6 - d**2 - 10*d. Calculate a(m).
-16
Let v(m) be the first derivative of m**4/4 + 8*m**3/3 + 4*m**2 - 3*m + 5841. What is v(-7)?
-10
Let f(w) = -6*w - 91. Let o = 1259 - 1275. Determine f(o).
5
Suppose 5*u - 5*i - 35 = 0, 0 = -2*i - 0*i + 12. Let b(o) = -o**2 + 6*o + 9. Determine b(u).
-82
Suppose 2*n + 3*u = 8*u - 977, 3*u = -2*n - 969. Let z = 487 + n. Let p(